t common factor of 147 and t?
21
Let m(u) = 6*u - 13. Let q be m(7). Calculate the highest common divisor of 29 and q.
29
Let d(f) = 16*f + 44. Let t be d(6). Calculate the greatest common factor of t and 40.
20
Let d = -11 - -11. Suppose -p + 4*p - 270 = d. Calculate the highest common divisor of p and 9.
9
Let t = 10 + -8. Let a(i) = -i**2 + 3*i + 2. Let h be a(t). Calculate the highest common divisor of h and 12.
4
Let p(t) = -14*t - 3. Let u(x) = -29*x - 7. Let j(n) = 5*p(n) - 2*u(n). Let c be j(-1). What is the greatest common divisor of c and 44?
11
Let g = 141 - 90. What is the highest common divisor of 68 and g?
17
Let r(o) = 33*o**2 - 3*o. Let l(i) = 67*i**2 - 5*i. Let g(n) = 4*l(n) - 7*r(n). Let k be g(-1). What is the highest common factor of k and 24?
12
Suppose 0 = 6*b - 5*b - 187. Let a(d) = 2*d + 7. Let u be a(5). What is the greatest common divisor of u and b?
17
Let m = -8 - -85. What is the highest common factor of m and 11?
11
Suppose 0 = 5*q + 5*c - 325, -3*q + 5*c + 0 + 155 = 0. Let b be ((-6)/(-15))/(3/q). What is the greatest common factor of 32 and b?
8
Let h(s) = -s + 15. Let y be h(5). Let g = -1 - -3. Suppose g*z - 4 = y. Calculate the greatest common divisor of 28 and z.
7
Let z(i) = 3*i - 5. Let y be z(-5). Let w = -44 - y. Let o be w/(-11) + 12/(-66). Calculate the highest common factor of 16 and o.
2
Let n(o) = -19*o + 6 - 1 + 16*o. Let k be n(-9). What is the greatest common factor of 80 and k?
16
Suppose 11*k - 3*k = 24. What is the greatest common factor of 27 and k?
3
Suppose 3*k + k = -5*p + 37, 36 = 5*k - 4*p. Calculate the highest common divisor of 8 and k.
8
Let f(v) = -v**3 - 3*v**2 + 5*v + 2. Suppose 2*o = 2*x - 3*o, 5*o + 5 = x. Let i be f(x). What is the greatest common factor of i and 3?
3
Let r be 22*(230/4)/5. What is the highest common divisor of r and 23?
23
Let s be 3*(-1)/2*-2. Calculate the greatest common divisor of s and 9.
3
Let y be (-585)/26*(2 - -2)/(-2). Calculate the highest common divisor of y and 30.
15
Let q be -1 + 4 + (-24 - -106). Calculate the highest common factor of q and 17.
17
Let i(x) = -x**3 - 11*x**2 - 10*x + 9. Let l be i(-10). What is the highest common divisor of 45 and l?
9
Suppose -8*l + 45 = -3*l. Let w(c) = -c**2 + 11*c - 14. Let r be w(l). What is the greatest common factor of r and 8?
4
Suppose -s + 2*b = -72, -2*s - 2*b + 7*b + 147 = 0. Calculate the highest common divisor of s and 6.
6
Let i(k) = 13*k**2 - 7*k + 5*k - 1 + 3*k. Let x be i(1). Calculate the greatest common factor of x and 117.
13
Let d(m) = -m**3 - 5*m**2 - 4*m + 1. Let h be d(-4). Let p = h + 9. Calculate the greatest common factor of p and 90.
10
Suppose 5*p - 150 = 865. What is the highest common divisor of 29 and p?
29
Suppose -11*g = -7*g - 336. What is the highest common factor of 21 and g?
21
Suppose -3*t - 4 = -t. Let b = t + 24. Calculate the greatest common factor of b and 33.
11
Let z = 61 - 37. Suppose 2*k + 46 = 70. Calculate the greatest common factor of z and k.
12
Suppose m - 2*o = -18, 2*o - 13 = 4*m + 29. Let l be (76/(-16))/(2/m). Let v = 26 + -7. Calculate the greatest common divisor of l and v.
19
Let q(b) = -b**2 + 7*b + 10. Let k be q(8). Suppose k*s = 6*s - 288. What is the greatest common divisor of 9 and s?
9
Let q(c) = -35*c + 1. Let l be q(-1). Suppose 0 = -5*y + 353 + 97. Calculate the highest common factor of l and y.
18
Let p(t) = -16*t + 1. Let a be p(-3). Let i be (-2 - -1)/(-1)*0. Suppose -l - l + 14 = i. What is the greatest common factor of l and a?
7
Let n = 310 - 193. Let i(a) = 6*a**2 - 2*a - 4. Let v be i(3). Let m = -31 + v. What is the highest common factor of n and m?
13
Let s(n) = 6 - 5*n**2 + 4*n**2 + 4*n**2 + 4*n. Let g be s(-6). What is the greatest common factor of 10 and g?
10
Suppose -2*y + 0 = -2*h + 82, 0 = -4*h + 5*y + 169. Calculate the greatest common factor of h and 12.
12
Suppose -4*v = 88 - 232. Suppose 3*n - 5*n - 140 = -u, -4*n = 16. Suppose -2*o = 5*f - u, -2*o = -0*f - f + v. What is the greatest common divisor of 4 and f?
4
Let q = 318 + -194. Calculate the highest common divisor of q and 310.
62
Suppose -5*d = y + 3*y + 89, 5*y + 5*d = -105. Let i = y + 6. Let p = i + 14. What is the highest common divisor of 16 and p?
4
Suppose -3*f - 60 = -18. Let g = 10 - f. Suppose 0 = -2*a + 3*k + 19, 0 = -4*a - a - k + 39. Calculate the highest common factor of a and g.
8
Let s(i) = -i**2 - 8*i - 8. Let j be s(-6). Suppose -j*l - l = 0. Let t be 8/12*(l - -57). What is the highest common divisor of 95 and t?
19
Suppose 0*o + 3*o = 24. Suppose o*a - 5*a + 99 = 0. Let p = a + 66. Calculate the highest common factor of p and 11.
11
Let w = -14 + 23. Let d = 11 + -2. Calculate the highest common divisor of w and d.
9
Let j(y) = 3*y**2 + 5*y + 11. Let z be j(-2). Calculate the greatest common factor of z and 169.
13
Let l(k) = k**2 + 7*k - 1. Let s be l(-8). Let f = 15 - s. Suppose -171 = -2*v - 5*g, 3*g = 4*v + 4*g - 351. Calculate the greatest common divisor of v and f.
8
Suppose 23 = 4*h - 33. Calculate the highest common divisor of h and 2.
2
Suppose -35 - 37 = -a. Calculate the greatest common divisor of 9 and a.
9
Let o = -75 + 138. Calculate the greatest common factor of o and 567.
63
Let x be -1 - 0 - -1 - -1. Suppose 0 = t - 4 + x. Let v = t + -1. What is the highest common divisor of v and 5?
1
Let k be (-6)/10 - (-148)/(-20). Let g be 26/k + (-15)/20. Let b = 5 + g. What is the greatest common divisor of 3 and b?
1
Suppose 0 = -7*p - 141 + 351. Calculate the highest common factor of p and 30.
30
Let j(q) = -q**2 - q + 9. Let s be 4/16 + (-1)/4. Let m be j(s). Calculate the greatest common factor of m and 3.
3
Let z be 0 + (-1 - -2) - -9. Let y be 3/(-9)*147/7. Let u = y + z. What is the highest common factor of u and 21?
3
Let z(s) = s + 1. Let n be z(0). Let i(r) = -3 - 4 + 0 + n - 6*r. Let y be i(-6). Calculate the highest common factor of 10 and y.
10
Suppose -39 = 3*j + 3*m, 4*m - 23 = -5*j - 92. Let u = 31 + j. Calculate the highest common divisor of u and 2.
2
Suppose -4*b - 2*i = -0*i + 60, -3*b = 5*i + 45. Let r be (-4)/6 + (-2005)/b. Calculate the greatest common factor of r and 19.
19
Let g = -2 - -2. Let m = -1 + g. Let y be 30 - (-5 - -2 - m). What is the highest common divisor of 4 and y?
4
Let y be -5*(-2 - 4)*(-1)/(-2). Suppose -4*b + 3*x + 59 = -58, -65 = -2*b - 5*x. Calculate the highest common divisor of y and b.
15
Let c(v) = 2*v**2 - 10*v + 6. Let j be c(5). Let n = 3 + 0. Calculate the greatest common factor of n and j.
3
Let x(w) = w**3 - 4*w**2 + 3*w + 3. Let j be x(3). Let b be (-3)/(-2) - (-14)/4. Let d = b - j. What is the greatest common divisor of d and 2?
2
Let l(a) = a - 1. Let h be l(4). What is the greatest common divisor of 3 and h?
3
Let n(o) = -o**3 - o**2 + 2. Let z be n(-3). Suppose z = f + 3*f. What is the highest common divisor of 20 and f?
5
Let a be (-6 - 2)/(-1 - 1). Let r = a + 9. Let h = 22 - 9. What is the highest common factor of h and r?
13
Suppose 2*x - 5*v = 93, x + v = 5*x - 213. Suppose 0*c - 24 = -2*c - 4*a, -c - a = -11. Let n = c - 4. Calculate the highest common factor of n and x.
6
Let u(s) = 9*s - 29. Let l be u(5). Calculate the greatest common divisor of l and 80.
16
Let t(p) = 9*p**2 + 3*p - 12. Let x be t(-4). What is the highest common divisor of x and 24?
24
Let s(o) be the first derivative of -5*o**2 - 1/3*o**3 + 1 + 8*o. Let n be s(-10). What is the highest common factor of n and 12?
4
Let k be 5/(-4)*(2 + -26). Let p be 24/20*k/4. What is the highest common factor of 72 and p?
9
Let m = 438 + -42. Calculate the highest common factor of 36 and m.
36
Suppose -5*x + 208 = 3*l, 5*l + 19 = -1. What is the greatest common factor of x and 11?
11
Suppose -3*q - 8 = -7*q. Suppose 2*t - 32 - 20 = 4*c, -c = -2*t + 49. Suppose -28 - t = -q*o. Calculate the highest common divisor of o and 13.
13
Suppose -7*m + 270 = 2*m. What is the highest common factor of 105 and m?
15
Let i(q) = q**3 - 10*q**2 + 15*q - 10. Let w be i(10). Calculate the highest common divisor of 28 and w.
28
Let g(c) = c**2 - c - 1. Let l be g(4). What is the highest common factor of l and 1?
1
Let m be (2/(-1))/(-2)*5. Suppose -m*t + 3*t + 150 = 0. What is the highest common factor of t and 30?
15
Let f(m) = 45*